3 a factor of 2484449377?
False
Is 26195001 a multiple of 217?
False
Is 828359340 a multiple of 4845?
True
Is 342754600 a multiple of 59?
True
Is 1442475570 a multiple of 104?
False
Is 353 a factor of 168431352?
False
Does 545 divide 327947755?
True
Is 415 a factor of 573088678?
False
Is 3 a factor of 358033526?
False
Is 744798727 a multiple of 19?
True
Is 16 a factor of 74243525?
False
Does 8 divide 67513792?
True
Is 11356 a factor of 347077949?
False
Is 9841607 a multiple of 11?
False
Is 457 a factor of 108073188?
True
Is 408129334 a multiple of 1377?
False
Is 101842253 a multiple of 33?
False
Does 614 divide 29443950?
False
Is 755 a factor of 169292140?
True
Is 124001878 a multiple of 11?
True
Is 126 a factor of 34609932?
True
Does 292 divide 333326722?
False
Is 18547627 a multiple of 9?
False
Is 10250735 a multiple of 55?
True
Is 1699723245 a multiple of 3518?
False
Does 721 divide 2195526097?
False
Is 41999920 a multiple of 89?
False
Does 10 divide 136591726?
False
Is 72408210 a multiple of 30?
True
Does 12 divide 790470695?
False
Is 13 a factor of 119973997?
True
Is 28184240 a multiple of 14?
True
Is 158 a factor of 664572536?
False
Does 27 divide 1711232514?
True
Does 12 divide 191167613?
False
Is 215197710 a multiple of 39?
True
Does 3 divide 14238362?
False
Does 630 divide 388680390?
True
Is 21282668 a multiple of 2?
True
Is 34437760 a multiple of 32?
True
Is 126972700 a multiple of 5?
True
Is 6810 a factor of 413421480?
True
Is 20 a factor of 123399520?
True
Is 11532646 a multiple of 89?
False
Is 235928376 a multiple of 5048?
True
Does 67 divide 4604844?
False
Is 2244 a factor of 9050052?
True
Is 158704140 a multiple of 98?
True
Is 81234336 a multiple of 348?
True
Does 7 divide 1417749032?
True
Does 284 divide 5747594?
False
Is 25960368 a multiple of 7?
True
Is 216 a factor of 1068579123?
False
Does 6 divide 20250959?
False
Is 7710316 a multiple of 364?
False
Is 19 a factor of 290576500?
True
Does 2 divide 9885822?
True
Is 8 a factor of 44974856?
True
Is 612460160 a multiple of 416?
True
Does 22 divide 2440375?
False
Does 2 divide 988501883?
False
Is 256 a factor of 9538069?
False
Is 986003280 a multiple of 12?
True
Is 4704490 a multiple of 7?
True
Does 13 divide 49971326?
False
Is 7751056 a multiple of 125?
False
Is 177511231 a multiple of 36?
False
Does 6 divide 36963525?
False
Is 767608285 a multiple of 193?
True
Is 12047920 a multiple of 20?
True
Is 1654 a factor of 545861350?
True
Does 73 divide 44244862?
True
Does 74 divide 8613652?
False
Is 492 a factor of 47888328?
True
Is 12424535 a multiple of 85?
True
Is 30 a factor of 605408160?
True
Is 120 a factor of 620117988?
False
Is 1405 a factor of 250012085?
False
Is 728278685 a multiple of 16?
False
Is 3193308708 a multiple of 7?
False
Is 1211464415 a multiple of 4?
False
Is 2888 a factor of 97238699?
False
Does 481 divide 441734046?
True
Is 253 a factor of 25371346?
True
Is 420 a factor of 79644600?
True
Is 16 a factor of 13205364?
False
Does 5 divide 84887030?
True
Is 9 a factor of 634640935?
False
Is 29 a factor of 1124325742?
False
Does 620 divide 91134420?
True
Is 3442804320 a multiple of 480?
True
Is 322393464 a multiple of 72?
True
Is 86146170 a multiple of 26?
False
Is 83 a factor of 151378554?
True
Is 16153624 a multiple of 4?
True
Is 1274 a factor of 5666752?
True
Is 38078019 a multiple of 189?
True
Is 19512766 a multiple of 182?
True
Does 2 divide 67382788?
True
Is 3978410423 a multiple of 167?
False
Is 807 a factor of 513560274?
True
Is 5678712 a multiple of 468?
True
Is 616297584 a multiple of 28?
True
Does 7741 divide 148124035?
True
Does 203 divide 23843542?
False
Does 16 divide 78609104?
True
Is 696 a factor of 3170204832?
True
Is 18753150 a multiple of 59?
True
Is 336 a factor of 1102061866?
False
Does 55 divide 18059140?
True
Is 2384 a factor of 384620256?
True
Is 156518387 a multiple of 80?
False
Is 117292500 a multiple of 100?
True
Is 407290576 a multiple of 28?
True
Is 52774505 a multiple of 15?
False
Does 562 divide 3717531650?
True
Is 503486808 a multiple of 1124?
True
Is 37 a factor of 342124019?
False
Is 4815078 a multiple of 326?
False
Is 327 a factor of 27907002?
False
Is 15115587 a multiple of 613?
False
Is 5120 a factor of 29998080?
True
Does 344 divide 82816731?
False
Does 157 divide 127214694?
False
Is 14430278 a multiple of 41?
True
Is 100 a factor of 105286900?
True
Does 932 divide 20247700?
True
Is 273 a factor of 1660181250?
True
Is 1001826576 a multiple of 464?
True
Is 12232664 a multiple of 87?
False
Is 816907132 a multiple of 14?
False
Is 29991082 a multiple of 19?
True
Is 214 a factor of 131814370?
True
Is 184588097 a multiple of 3028?
False
Is 34735532 a multiple of 925?
False
Is 370838416 a multiple of 55?
False
Is 34699950 a multiple of 16?
False
Is 3111777823 a multiple of 4543?
True
Is 102737142 a multiple of 1278?
True
Does 41 divide 114965708?
False
Does 34 divide 15772805?
False
Does 40 divide 3124202?
False
Is 529484577 a multiple of 33?
False
Is 234 a factor of 14301653?
False
Is 191 a factor of 32203937?
True
Does 2402 divide 246788686?
True
Is 82 a factor of 793481692?
True
Is 8 a factor of 276114193?
False
Is 471484907 a multiple of 35?
False
Is 6 a factor of 852768937?
False
Is 10 a factor of 2081643651?
False
Does 27 divide 15421239?
True
Does 67 divide 8940648?
False
Is 1707782840 a multiple of 122?
True
Is 142 a factor of 9551876?
False
Is 5022004 a multiple of 13?
True
Is 2272940728 a multiple of 190?
False
Does 1219 divide 147955515?
False
Does 407 divide 60966972?
True
Is 947820380 a multiple of 52?
True
Is 66016479 a multiple of 17?
False
Is 42 a factor of 33064547?
False
Does 353 divide 8905484?
True
Does 625 divide 269388639?
False
Is 1274381550 a multiple of 518?
False
Is 7189 a factor of 1626561573?
True
Is 225352761 a multiple of 1264?
False
Does 14 divide 425345595?
False
Does 34 divide 1582684913?
False
Does 35 divide 90598270?
True
Does 83 divide 788316238?
True
Is 658 a factor of 139530216?
True
Is 35 a factor of 7022645?
True
Is 21240225 a multiple of 1025?
False
Does 455 divide 294716936?
False
Is 92483248 a multiple of 166?
True
Is 10 a factor of 16145231?
False
Does 231 divide 1018589880?
True
Does 95 divide 104280387?
False
Is 251 a factor of 1273911932?
False
Does 4409 divide 179384574?
True
Does 46 divide 98381464?
False
Does 2006 divide 13265678?
True
Does 405 divide 86636712?
False
Is 1410 a factor of 50478000?
True
Is 7 a factor of 937296612?
True
Is 1290727700 a multiple of 10?
True
Is 15854592 even?
True
Does 10 divide 41150030?
True
Is 87 a factor of 101745717?
True
Is 55 a factor of 45083693?
False
Is 328380717 a multiple of 1569?
True
Is 542 a factor of 378592420?
True
Does 80 divide 39999520?
True
Is 504 a factor of 1716234408?
True
Is 27 a factor of 367906617?
True
Is 30 a factor of 132131370?
True
Does 200 divide 70594399?
False
Is 173252638 a multiple of 71?
True
Does 45 divide 247492305?
True
Is 506 a factor of 9000728?
True
Does 454 divide 32787385?
False
Does 1427 divide 479849006?
False
Is 14247319 a multiple of 2923?
False
Is 226 a factor of 54345768?
True
Is 953 a factor of 43531134?
True
Does 2810 divide 17637514?
False
Is 98 a factor of 143070554?
False
Does 58 divide 55057254?
True
Is 132 a factor of 139201392?
True
Is 5938 a factor of 444898814?
False
Is 399145079 a multiple of 127?
False
Does 11 divide 1945911?
True
Is 721 a factor of 79154924?
False
Is 2364756561 a multiple of 2811?
True
Does 6 divide 2687735945?
False
Is 59 a factor of 59068407?
False
Is 178 a factor of 67739314?
False
Is 1078 a factor of 421578029?
False
Does 9 divide 745579748?
False
Is 3365 a factor of 352338021?
False
Is 2281852075 a multiple of 128?
False
Is 225105260 a multiple of 10?
True
Is 419 a factor of 3466780860?
True
Is 694 a factor of 1833724276?
True
Is 344721858 a multiple of 244?
False
Is 261 a factor of 1482605531?
False
Is 2438769080 a multiple of 4565?
True
Does 216 divide 3091830?
False
Does 662 divide 155375372?
True
Is 316081224 a multiple of 10233?
False
Is 1549656 a multiple of 36?
True
Does 4099 divide 1369045505?
True
Is 37 a factor of 15264498?
True
Is 92666600 a multiple of 650?
True
Is 102 a factor of 91681848?
False
Is 1159 a factor of 45554044?
False
Is 147864309 a multiple of